{"id":7080,"date":"2024-02-13T16:12:39","date_gmt":"2024-02-13T15:12:39","guid":{"rendered":"https:\/\/vara-bjertorpgk.se\/?page_id=7080"},"modified":"2026-03-17T10:08:06","modified_gmt":"2026-03-17T09:08:06","slug":"boka-stallplats","status":"publish","type":"page","link":"https:\/\/vara-bjertorpgk.se\/?page_id=7080","title":{"rendered":"Boka st\u00e4llplats"},"content":{"rendered":"\t\t<div data-elementor-type=\"wp-page\" data-elementor-id=\"7080\" class=\"elementor elementor-7080\">\n\t\t\t\t\t\t<section class=\"elementor-section elementor-top-section elementor-element elementor-element-6f78305 elementor-section-height-min-height elementor-section-boxed elementor-section-height-default elementor-section-items-middle\" data-id=\"6f78305\" data-element_type=\"section\" data-settings=\"{&quot;background_background&quot;:&quot;classic&quot;}\">\n\t\t\t\t\t\t\t<div class=\"elementor-background-overlay\"><\/div>\n\t\t\t\t\t\t\t<div class=\"elementor-container elementor-column-gap-default\">\n\t\t\t\t\t<div class=\"elementor-column elementor-col-100 elementor-top-column elementor-element elementor-element-a548f7d\" data-id=\"a548f7d\" data-element_type=\"column\">\n\t\t\t<div class=\"elementor-widget-wrap\">\n\t\t\t\t\t\t\t<\/div>\n\t\t<\/div>\n\t\t\t\t\t<\/div>\n\t\t<\/section>\n\t\t\t\t<section class=\"elementor-section elementor-top-section elementor-element elementor-element-b7c254b elementor-section-boxed elementor-section-height-default elementor-section-height-default\" data-id=\"b7c254b\" data-element_type=\"section\">\n\t\t\t\t\t\t<div class=\"elementor-container elementor-column-gap-default\">\n\t\t\t\t\t<div class=\"elementor-column elementor-col-100 elementor-top-column elementor-element elementor-element-351c06d\" data-id=\"351c06d\" data-element_type=\"column\">\n\t\t\t<div class=\"elementor-widget-wrap elementor-element-populated\">\n\t\t\t\t\t\t<div class=\"elementor-element elementor-element-fe398e2 elementor-widget elementor-widget-text-editor\" data-id=\"fe398e2\" data-element_type=\"widget\" data-widget_type=\"text-editor.default\">\n\t\t\t\t<div class=\"elementor-widget-container\">\n\t\t\t<style>\/*! elementor - v3.21.0 - 30-04-2024 *\/\n.elementor-widget-text-editor.elementor-drop-cap-view-stacked .elementor-drop-cap{background-color:#69727d;color:#fff}.elementor-widget-text-editor.elementor-drop-cap-view-framed .elementor-drop-cap{color:#69727d;border:3px solid;background-color:transparent}.elementor-widget-text-editor:not(.elementor-drop-cap-view-default) .elementor-drop-cap{margin-top:8px}.elementor-widget-text-editor:not(.elementor-drop-cap-view-default) .elementor-drop-cap-letter{width:1em;height:1em}.elementor-widget-text-editor .elementor-drop-cap{float:left;text-align:center;line-height:1;font-size:50px}.elementor-widget-text-editor .elementor-drop-cap-letter{display:inline-block}<\/style>\t\t\t\t<p><strong>V\u00e4lkommen att \u00f6vernatta hos oss med husbil &amp; husvagn!<br \/><\/strong><\/p><p>Vara-Bjertorp Golfklubb erbjuder 22 bokningsbara st\u00e4llplatser, samtliga platser har tillg\u00e5ng till el. H\u00e4r f\u00e5r man en bekv\u00e4m och lugn vistelse i n\u00e4ra anslutning till golfbanan och \u00f6vriga faciliteter p\u00e5 klubbomr\u00e5det samt n\u00e4rhet till Bjertorps Slott.<\/p><p>V\u00e5rt fina servicehus ligger p\u00e5 v\u00e4gen mellan klubbhus och st\u00e4llplats. H\u00e4r f\u00e5r Ni som g\u00e4ster \u00a0tillg\u00e5ng till duschar, toaletter, diskm\u00f6jligheter och t\u00f6mning av latrin &amp; gr\u00e5vatten.<\/p><p>Du bokar St\u00e4llplats direkt via bokningskalendern nedan. V\u00e4lj \u00f6nskat in- och utcheckningsdatum s\u00e5 ser du vilka platser som finns tillg\u00e4ngliga under din \u00f6nskade vistelse.<\/p><p><strong>Incheckning sker fr\u00e5n kl. 16.00<\/strong><br \/><strong>Utcheckning sker senast kl. 15.00<br \/><\/strong><em>I m\u00e5n av plats kan in- och utcheckning ske n\u00e4r som helst p\u00e5 dagen. Om du ska spela golf p\u00e5 avresedagen och inte \u00e4r i m\u00e5l innan utcheckningstiden s\u00e5 ber vi dig att flytta din husbil\/husvagn fr\u00e5n din plats innan du sl\u00e5r ut.<\/em><\/p><p><strong>Pris:<\/strong><br \/><strong>250 kr<\/strong>\u00a0per natt f\u00f6r golfande g\u00e4ster som erl\u00e4gger Greenfee.<br \/><strong>325 kr<\/strong>\u00a0per natt f\u00f6r icke golfare eller g\u00e4ster med husbil\/husvagn som inte spelar n\u00e5gon golf hos oss i samband med sin vistelse.<\/p><p>Fyll i ditt Golf-ID n\u00e4r du g\u00f6r din bokning om du bes\u00f6ker oss som golfande g\u00e4st, om du inte ska spela golf i samband med ditt bes\u00f6k hos oss kryssar du i rutan \u201dJag ska inte spela golf\u201d n\u00e4r du g\u00f6r din bokning.<\/p><p>Betalning sker med betalkort\/Swish i samband med att bokningen g\u00f6rs.<\/p><p><u>Notera att bokningen inte registreras om betalningen inte genomf\u00f6rs i sista steget i bokningsprocessen.<\/u>\u00a0Du f\u00e5r ett bekr\u00e4ftelsemail &amp; kvitto skickat till dig direkt efter att bokningen har genomf\u00f6rts korrekt.<\/p><p><u>\u00a0<\/u><\/p><p><u>V\u00c4LKOMMEN till Vara-Bjertorp Golfklubb<\/u><\/p><p>Har ni n\u00e5gra \u00f6vriga fr\u00e5gor? Tveka inte att h\u00f6ra av er till oss! \u00a0<br \/>Telefon: <a href=\"tel:+4651220261\">+46(0)512-20261<\/a><br \/>E-post:\u00a0<a title=\"mailto:info@vara-bjertorpgk.se\" href=\"mailto:info@vara-bjertorpgk.se\">info@vara-bjertorpgk.se<\/a><\/p>\t\t\t\t\t\t<\/div>\n\t\t\t\t<\/div>\n\t\t\t\t\t<\/div>\n\t\t<\/div>\n\t\t\t\t\t<\/div>\n\t\t<\/section>\n\t\t\t\t<section class=\"elementor-section elementor-top-section elementor-element elementor-element-cd6090a elementor-section-boxed elementor-section-height-default elementor-section-height-default\" data-id=\"cd6090a\" data-element_type=\"section\">\n\t\t\t\t\t\t<div class=\"elementor-container elementor-column-gap-default\">\n\t\t\t\t\t<div class=\"elementor-column elementor-col-100 elementor-top-column elementor-element elementor-element-b39ce9d\" data-id=\"b39ce9d\" data-element_type=\"column\">\n\t\t\t<div class=\"elementor-widget-wrap elementor-element-populated\">\n\t\t\t\t\t\t<div class=\"elementor-element elementor-element-181dd8f elementor-widget elementor-widget-image\" data-id=\"181dd8f\" data-element_type=\"widget\" data-widget_type=\"image.default\">\n\t\t\t\t<div class=\"elementor-widget-container\">\n\t\t\t<style>\/*! elementor - v3.21.0 - 30-04-2024 *\/\n.elementor-widget-image{text-align:center}.elementor-widget-image a{display:inline-block}.elementor-widget-image a img[src$=\".svg\"]{width:48px}.elementor-widget-image img{vertical-align:middle;display:inline-block}<\/style>\t\t\t\t\t\t\t\t\t\t<img fetchpriority=\"high\" decoding=\"async\" width=\"1024\" height=\"577\" src=\"https:\/\/vara-bjertorpgk.se\/wp-content\/uploads\/2025\/02\/vara-bjertorps-GK-stallplatskarta-1280x720_-1024x577.png\" class=\"attachment-large size-large wp-image-8096\" alt=\"\" srcset=\"https:\/\/vara-bjertorpgk.se\/wp-content\/uploads\/2025\/02\/vara-bjertorps-GK-stallplatskarta-1280x720_-1024x577.png 1024w, https:\/\/vara-bjertorpgk.se\/wp-content\/uploads\/2025\/02\/vara-bjertorps-GK-stallplatskarta-1280x720_-300x169.png 300w, https:\/\/vara-bjertorpgk.se\/wp-content\/uploads\/2025\/02\/vara-bjertorps-GK-stallplatskarta-1280x720_-768x433.png 768w, https:\/\/vara-bjertorpgk.se\/wp-content\/uploads\/2025\/02\/vara-bjertorps-GK-stallplatskarta-1280x720_-1536x866.png 1536w, https:\/\/vara-bjertorpgk.se\/wp-content\/uploads\/2025\/02\/vara-bjertorps-GK-stallplatskarta-1280x720_-2048x1154.png 2048w\" sizes=\"(max-width: 1024px) 100vw, 1024px\" \/>\t\t\t\t\t\t\t\t\t\t\t\t\t<\/div>\n\t\t\t\t<\/div>\n\t\t\t\t\t<\/div>\n\t\t<\/div>\n\t\t\t\t\t<\/div>\n\t\t<\/section>\n\t\t\t\t<section class=\"elementor-section elementor-top-section elementor-element elementor-element-f13fd6a elementor-section-boxed elementor-section-height-default elementor-section-height-default\" data-id=\"f13fd6a\" data-element_type=\"section\">\n\t\t\t\t\t\t<div class=\"elementor-container elementor-column-gap-default\">\n\t\t\t\t\t<div class=\"elementor-column elementor-col-100 elementor-top-column elementor-element elementor-element-62fb61f\" data-id=\"62fb61f\" data-element_type=\"column\">\n\t\t\t<div class=\"elementor-widget-wrap elementor-element-populated\">\n\t\t\t\t\t\t<div class=\"elementor-element elementor-element-cf5d995 elementor-widget elementor-widget-html\" data-id=\"cf5d995\" data-element_type=\"widget\" data-widget_type=\"html.default\">\n\t\t\t\t<div class=\"elementor-widget-container\">\n\t\t\t<script type=\"text\/javascript\"> var parentUrl = encodeURIComponent(window.location.href); document.write('<iframe src=\"https:\/\/onteex.ontee.com\/accommodations\/?widget=1&rental-unit-type=1&id=105&hash=eyJhbGciOiJSUzI1NiIsImtpZCI6IkFCRkI5Q0I2Q0RGQTkyNjZDQzAwQTYzMjZGMzA3MDI3OEM3MzhFMTciLCJ0eXAiOiJKV1QiLCJ4NXQiOiJxX3VjdHMzNmttYk1BS1l5YnpCd0o0eHpqaGMifQ.eyJuYmYiOjE3MDc4MzU3MDksImV4cCI6MjAyMzE5NTcwOSwiaXNzIjoiaHR0cHM6Ly9vbnRlZS10ZWVzaGVldC1pZHMuYXp1cmV3ZWJzaXRlcy5uZXQiLCJhdWQiOlsiaHR0cHM6Ly9vbnRlZS10ZWVzaGVldC1pZHMuYXp1cmV3ZWJzaXRlcy5uZXQvcmVzb3VyY2VzIiwidHNfYXBpIl0sImNsaWVudF9pZCI6IndpZGdldENsaWVudCIsInN1YiI6IjRkMmYwNzNlLWRjNmMtNGMyMy1hOTRhLWY0ZWJjNTU4YzVlZCIsImF1dGhfdGltZSI6MTcwNzgzNTcwOSwiaWRwIjoibG9jYWwiLCJyb2xlIjoiQ2x1YiBBZG1pbiIsIm5hbWUiOiJpbmZvQHZhcmEtYmplcnRvcnBnay5zZSIsInNjb3BlIjpbIm9wZW5pZCIsInJvbGUiLCJ0c19hcGkiXSwiYW1yIjpbImRlbGVnYXRpb24iXX0.GJSerz3d9FyDTXRxbAJsyc5t3sWwZg0KT36vFCOvmcn5etJBFRRR_DLZp63lCRp5Bnzq1PqYiQwX8za_9cS0Tql68Zxwqce4HBwxHBh6Isfc87CgTE5bue7re-I6FuO_bFnJHnGjOXvhpheFEfYaOfvpcq4gRaLNVdASPMmQ9Gkxx-4Oq7jq0DrvQakq1yK_vkOUGSadPt_cnkVEzZHKC3Oe-ezBgnu_Jke4KRmrxsB1CtRwhw-CMr9QxdJ2HYNapQvDShmosCBHdS6JcEvAxgP3AZvlRRkPrQR7Wll58uDujM1SXR1am82G6qkVdfeVVu2BpZ4e6DW95Zk6Mfq0sA&parent-url='+parentUrl+'\" width=\"100%\" height=\"1000px\"><\/iframe>'); <\/script>\t\t<\/div>\n\t\t\t\t<\/div>\n\t\t\t\t\t<\/div>\n\t\t<\/div>\n\t\t\t\t\t<\/div>\n\t\t<\/section>\n\t\t\t\t<\/div>\n\t\t","protected":false},"excerpt":{"rendered":"<p>V\u00e4lkommen att \u00f6vernatta hos oss med husbil &amp; husvagn! Vara-Bjertorp Golfklubb erbjuder 22 bokningsbara st\u00e4llplatser, samtliga platser har tillg\u00e5ng till el. H\u00e4r f\u00e5r man en bekv\u00e4m och lugn vistelse i n\u00e4ra anslutning till golfbanan och \u00f6vriga faciliteter p\u00e5 klubbomr\u00e5det samt n\u00e4rhet till Bjertorps Slott. V\u00e5rt fina servicehus ligger p\u00e5 v\u00e4gen mellan klubbhus och st\u00e4llplats. H\u00e4r &hellip;<\/p>\n<p class=\"read-more\"> <a class=\"\" href=\"https:\/\/vara-bjertorpgk.se\/?page_id=7080\"> <span class=\"screen-reader-text\">Boka st\u00e4llplats<\/span> L\u00e4s mer &raquo;<\/a><\/p>\n","protected":false},"author":1,"featured_media":0,"parent":0,"menu_order":0,"comment_status":"closed","ping_status":"closed","template":"","meta":{"site-sidebar-layout":"no-sidebar","site-content-layout":"page-builder","ast-main-header-display":"","ast-hfb-above-header-display":"","ast-hfb-below-header-display":"","ast-hfb-mobile-header-display":"","site-post-title":"disabled","ast-breadcrumbs-content":"","ast-featured-img":"disabled","footer-sml-layout":"","theme-transparent-header-meta":"","adv-header-id-meta":"","stick-header-meta":"","header-above-stick-meta":"","header-main-stick-meta":"","header-below-stick-meta":"","footnotes":""},"class_list":["post-7080","page","type-page","status-publish","hentry"],"_links":{"self":[{"href":"https:\/\/vara-bjertorpgk.se\/index.php?rest_route=\/wp\/v2\/pages\/7080","targetHints":{"allow":["GET"]}}],"collection":[{"href":"https:\/\/vara-bjertorpgk.se\/index.php?rest_route=\/wp\/v2\/pages"}],"about":[{"href":"https:\/\/vara-bjertorpgk.se\/index.php?rest_route=\/wp\/v2\/types\/page"}],"author":[{"embeddable":true,"href":"https:\/\/vara-bjertorpgk.se\/index.php?rest_route=\/wp\/v2\/users\/1"}],"replies":[{"embeddable":true,"href":"https:\/\/vara-bjertorpgk.se\/index.php?rest_route=%2Fwp%2Fv2%2Fcomments&post=7080"}],"version-history":[{"count":27,"href":"https:\/\/vara-bjertorpgk.se\/index.php?rest_route=\/wp\/v2\/pages\/7080\/revisions"}],"predecessor-version":[{"id":9479,"href":"https:\/\/vara-bjertorpgk.se\/index.php?rest_route=\/wp\/v2\/pages\/7080\/revisions\/9479"}],"wp:attachment":[{"href":"https:\/\/vara-bjertorpgk.se\/index.php?rest_route=%2Fwp%2Fv2%2Fmedia&parent=7080"}],"curies":[{"name":"wp","href":"https:\/\/api.w.org\/{rel}","templated":true}]}}